{"id":1730,"date":"2020-12-07T19:24:26","date_gmt":"2020-12-07T16:24:26","guid":{"rendered":"https:\/\/iucerrahpasavakfi.org.tr\/?page_id=1730"},"modified":"2024-12-02T10:20:03","modified_gmt":"2024-12-02T07:20:03","slug":"prof-dr-mehmet-seven","status":"publish","type":"page","link":"https:\/\/iucerrahpasavakfi.org.tr\/?page_id=1730","title":{"rendered":"Prof. Dr. Mehmet Seven"},"content":{"rendered":"<div class=\"vc_row wpb_row vc_row-fluid themesflat_1777631541\"><div class=\"row_overlay\" style=\"\"><\/div><div class=\"wpb_column vc_column_container vc_col-sm-3\"><div class=\"vc_column-inner\"><div class=\"wpb_wrapper\">\n\t<div  class=\"wpb_single_image wpb_content_element vc_align_center\">\n\t\t\n\t\t<figure class=\"wpb_wrapper vc_figure\">\n\t\t\t<div class=\"vc_single_image-wrapper vc_box_border  vc_box_border_grey\"><img width=\"736\" height=\"1104\" src=\"https:\/\/iucerrahpasavakfi.org.tr\/wp-content\/uploads\/2021\/02\/MehmetSevenyeni.jpg\" class=\"vc_single_image-img attachment-full\" alt=\"\" loading=\"lazy\" srcset=\"https:\/\/iucerrahpasavakfi.org.tr\/wp-content\/uploads\/2021\/02\/MehmetSevenyeni.jpg 736w, https:\/\/iucerrahpasavakfi.org.tr\/wp-content\/uploads\/2021\/02\/MehmetSevenyeni-200x300.jpg 200w, https:\/\/iucerrahpasavakfi.org.tr\/wp-content\/uploads\/2021\/02\/MehmetSevenyeni-683x1024.jpg 683w, https:\/\/iucerrahpasavakfi.org.tr\/wp-content\/uploads\/2021\/02\/MehmetSevenyeni-600x900.jpg 600w\" sizes=\"(max-width: 736px) 100vw, 736px\" \/><\/div>\n\t\t<\/figure>\n\t<\/div>\n<div class=\"vc_empty_space\"   style=\"height: 10px\"><span class=\"vc_empty_space_inner\"><\/span><\/div><\/div><\/div><\/div><div class=\"wpb_column vc_column_container vc_col-sm-9\"><div class=\"vc_column-inner\"><div class=\"wpb_wrapper\">\n\t<div class=\"wpb_text_column wpb_content_element \" >\n\t\t<div class=\"wpb_wrapper\">\n\t\t\t<p style=\"text-align: justify;\">Prof. Dr. Mehmet Seven, ilk ve orta \u00f6\u011frenimini Af\u015fin ve Kahramanmara\u015f\u2019ta, y\u00fcksek\u00f6\u011frenimini \u0130.\u00dc. Cerrahpa\u015fa T\u0131p Fak\u00fcltesinde tamamlad\u0131. Hekimlik mesle\u011fine 1980 y\u0131l\u0131nda Af\u015fin-Tan\u0131r Sa\u011fl\u0131k Oca\u011f\u0131nda ba\u015flad\u0131. 1982 y\u0131l\u0131nda vatani g\u00f6revini tamamlad\u0131ktan sonra, bir s\u00fcre Okmeydan\u0131 SSK hastanesinde \u00e7al\u0131\u015ft\u0131. 1982-1987 y\u0131llar\u0131 aras\u0131nda \u0130.\u00dc. Cerrahpa\u015fa T\u0131p Fak\u00fcltesi \u00c7ocuk Sa\u011fl\u0131\u011f\u0131 ve Hastal\u0131klar\u0131 ABD da uzmanl\u0131k e\u011fitimini tamamlad\u0131. \u00a0Af\u015fin Devlet Hastanesi Ba\u015fhekimli\u011fi ve B\u00f6lge Sa\u011fl\u0131k Grup Ba\u015fkanl\u0131\u011f\u0131 gibi idari g\u00f6revlerde bulundu. \u00a02010 y\u0131l\u0131nda \u00c7ocuk Genetik Hastal\u0131klar\u0131 Uzman\u0131, 2008 y\u0131l\u0131nda Do\u00e7ent oldu.<\/p>\n<p style=\"text-align: justify;\">2013 y\u0131l\u0131nda 6 ay s\u00fcreli Australya-Sydney MotherSafe Teratoloji Merkezinde, Teratoloji alan\u0131nda \u00e7al\u0131\u015fmalara kat\u0131ld\u0131. \u00a02013 de Profes\u00f6rl\u00fc\u011fe y\u00fckseltildi. Sa\u011fl\u0131k hukuku alan\u0131ndaki geli\u015fmeleri yak\u0131ndan takip edebilmek amac\u0131yla 2018 y\u0131l\u0131nda Adalet Meslek Y\u00fcksekokulunu bitirdi. \u00c7ok say\u0131da Ulusal ve Uluslararas\u0131 dergilerde (SCI, SCI-Expanded) yay\u0131nlanm\u0131\u015f makaleleri, Ulusal ve Uluslararas\u0131 toplant\u0131larda sunulmu\u015f bildirileri mevcuttur.\u00a0 \u0130stanbul \u00dcniversitesi-Cerrahpa\u015fa, Cerrahpa\u015fa T\u0131p Fak\u00fcltesi, T\u0131bbi Genetik Anabilim Dal\u0131nda \u00f6\u011fretim \u00fcyesi olarak g\u00f6rev yapm\u0131\u015ft\u0131r.<\/p>\n\n\t\t<\/div>\n\t<\/div>\n<\/div><\/div><\/div><\/div><div class=\"vc_row wpb_row vc_row-fluid themesflat_1777631541\"><div class=\"row_overlay\" style=\"\"><\/div><div class=\"wpb_column vc_column_container vc_col-sm-12\"><div class=\"vc_column-inner\"><div class=\"wpb_wrapper\"><div class=\"vc_empty_space\"   style=\"height: 32px\"><span class=\"vc_empty_space_inner\"><\/span><\/div><\/div><\/div><\/div><\/div>\n","protected":false},"excerpt":{"rendered":"Prof. Dr. Mehmet Seven, ilk ve orta \u00f6\u011frenimini Af\u015fin ve Kahramanmara\u015f\u2019ta, y\u00fcksek\u00f6\u011frenimini \u0130.\u00dc. Cerrahpa\u015fa T\u0131p Fak\u00fcltesinde [...]","protected":false},"author":1,"featured_media":0,"parent":0,"menu_order":0,"comment_status":"closed","ping_status":"closed","template":"tpl\/page_fullwidth.php","meta":[],"_links":{"self":[{"href":"https:\/\/iucerrahpasavakfi.org.tr\/index.php?rest_route=\/wp\/v2\/pages\/1730"}],"collection":[{"href":"https:\/\/iucerrahpasavakfi.org.tr\/index.php?rest_route=\/wp\/v2\/pages"}],"about":[{"href":"https:\/\/iucerrahpasavakfi.org.tr\/index.php?rest_route=\/wp\/v2\/types\/page"}],"author":[{"embeddable":true,"href":"https:\/\/iucerrahpasavakfi.org.tr\/index.php?rest_route=\/wp\/v2\/users\/1"}],"replies":[{"embeddable":true,"href":"https:\/\/iucerrahpasavakfi.org.tr\/index.php?rest_route=%2Fwp%2Fv2%2Fcomments&post=1730"}],"version-history":[{"count":9,"href":"https:\/\/iucerrahpasavakfi.org.tr\/index.php?rest_route=\/wp\/v2\/pages\/1730\/revisions"}],"predecessor-version":[{"id":3376,"href":"https:\/\/iucerrahpasavakfi.org.tr\/index.php?rest_route=\/wp\/v2\/pages\/1730\/revisions\/3376"}],"wp:attachment":[{"href":"https:\/\/iucerrahpasavakfi.org.tr\/index.php?rest_route=%2Fwp%2Fv2%2Fmedia&parent=1730"}],"curies":[{"name":"wp","href":"https:\/\/api.w.org\/{rel}","templated":true}]}}

<div class="vc_row wpb_row vc_row-fluid themesflat_1777631541"><div class="row_overlay" style=""></div><div class="wpb_column vc_column_container vc_col-sm-3"><div class="vc_column-inner"><div class="wpb_wrapper">
	<div  class="wpb_single_image wpb_content_element vc_align_center">
		
		<figure class="wpb_wrapper vc_figure">
			<div class="vc_single_image-wrapper vc_box_border  vc_box_border_grey"><img width="736" height="1104" src="https://iucerrahpasavakfi.org.tr/wp-content/uploads/2021/02/MehmetSevenyeni.jpg" class="vc_single_image-img attachment-full" alt="" loading="lazy" srcset="https://iucerrahpasavakfi.org.tr/wp-content/uploads/2021/02/MehmetSevenyeni.jpg 736w, https://iucerrahpasavakfi.org.tr/wp-content/uploads/2021/02/MehmetSevenyeni-200x300.jpg 200w, https://iucerrahpasavakfi.org.tr/wp-content/uploads/2021/02/MehmetSevenyeni-683x1024.jpg 683w, https://iucerrahpasavakfi.org.tr/wp-content/uploads/2021/02/MehmetSevenyeni-600x900.jpg 600w" sizes="(max-width: 736px) 100vw, 736px" /></div>
		</figure>
	</div>
<div class="vc_empty_space"   style="height: 10px"><span class="vc_empty_space_inner"></span></div></div></div></div><div class="wpb_column vc_column_container vc_col-sm-9"><div class="vc_column-inner"><div class="wpb_wrapper">
	<div class="wpb_text_column wpb_content_element " >
		<div class="wpb_wrapper">
			<p style="text-align: justify;">Prof. Dr. Mehmet Seven, ilk ve orta öğrenimini Afşin ve Kahramanmaraş’ta, yükseköğrenimini İ.Ü. Cerrahpaşa Tıp Fakültesinde tamamladı. Hekimlik mesleğine 1980 yılında Afşin-Tanır Sağlık Ocağında başladı. 1982 yılında vatani görevini tamamladıktan sonra, bir süre Okmeydanı SSK hastanesinde çalıştı. 1982-1987 yılları arasında İ.Ü. Cerrahpaşa Tıp Fakültesi Çocuk Sağlığı ve Hastalıkları ABD da uzmanlık eğitimini tamamladı.  Afşin Devlet Hastanesi Başhekimliği ve Bölge Sağlık Grup Başkanlığı gibi idari görevlerde bulundu.  2010 yılında Çocuk Genetik Hastalıkları Uzmanı, 2008 yılında Doçent oldu.</p>
<p style="text-align: justify;">2013 yılında 6 ay süreli Australya-Sydney MotherSafe Teratoloji Merkezinde, Teratoloji alanında çalışmalara katıldı.  2013 de Profesörlüğe yükseltildi. Sağlık hukuku alanındaki gelişmeleri yakından takip edebilmek amacıyla 2018 yılında Adalet Meslek Yüksekokulunu bitirdi. Çok sayıda Ulusal ve Uluslararası dergilerde (SCI, SCI-Expanded) yayınlanmış makaleleri, Ulusal ve Uluslararası toplantılarda sunulmuş bildirileri mevcuttur.  İstanbul Üniversitesi-Cerrahpaşa, Cerrahpaşa Tıp Fakültesi, Tıbbi Genetik Anabilim Dalında öğretim üyesi olarak görev yapmıştır.</p>

		</div>
	</div>
</div></div></div></div><div class="vc_row wpb_row vc_row-fluid themesflat_1777631541"><div class="row_overlay" style=""></div><div class="wpb_column vc_column_container vc_col-sm-12"><div class="vc_column-inner"><div class="wpb_wrapper"><div class="vc_empty_space"   style="height: 32px"><span class="vc_empty_space_inner"></span></div></div></div></div></div>

Prof. Dr. Mehmet Seven, ilk ve orta öğrenimini Afşin ve Kahramanmaraş’ta, yükseköğrenimini İ.Ü. Cerrahpaşa Tıp Fakültesinde [...]
