{"id":2166,"date":"2021-03-31T14:02:42","date_gmt":"2021-03-31T11:02:42","guid":{"rendered":"https:\/\/iucerrahpasavakfi.org.tr\/?page_id=2166"},"modified":"2026-01-01T13:52:40","modified_gmt":"2026-01-01T10:52:40","slug":"ogrenim-burslari","status":"publish","type":"page","link":"https:\/\/iucerrahpasavakfi.org.tr\/?page_id=2166","title":{"rendered":"\u00d6\u011frenim Bursu"},"content":{"rendered":"<div class=\"vc_row wpb_row vc_row-fluid themesflat_1777697132\"><div class=\"row_overlay\" style=\"\"><\/div><div class=\"wpb_column vc_column_container vc_col-sm-12\"><div class=\"vc_column-inner\"><div class=\"wpb_wrapper\">\n\t<div class=\"wpb_text_column wpb_content_element \" >\n\t\t<div class=\"wpb_wrapper\">\n\t\t\t<p><strong>\u00d6\u011eREN\u0130M BURSU<\/strong><\/p>\n<p>Vakf\u0131m\u0131z, \u0130stanbul \u00dcniversitesi-Cerrahpa\u015fa\u2019n\u0131n (\u0130\u00dcC) ba\u015far\u0131l\u0131 ve ihtiya\u00e7 sahibi \u00f6\u011frencilerine her y\u0131l Ekim-Haziran aylar\u0131n\u0131 kapsayacak \u015fekilde \u00f6\u011frenim bursu vermektedir.<\/p>\n<p>Burs ba\u015fvurular\u0131 genellikle Eyl\u00fcl-Ekim aylar\u0131 i\u00e7inde ve vakf\u0131m\u0131z\u0131n \u0130\u00dcC ile yapt\u0131\u011f\u0131 protokol uyar\u0131nca \u00fcniversitenin \u0130\u00dcC-AKS\u0130S \u00d6\u011frenci Bilgi Sistemi \u00fczerinden yap\u0131lmaktad\u0131r.\u00a0 Ba\u015fvurular\u0131n de\u011ferlendirilmesi, ba\u015fvuru esnas\u0131nda sorulan sorulara verilen cevaplar\u0131n belli bir algoritma \u00fczerinden puanland\u0131r\u0131lmas\u0131 \u015feklinde olmaktad\u0131r.\u00a0 Bu de\u011ferlendirmede anne ve baban\u0131n evlilik\/vefat durumlar\u0131, \u00e7al\u0131\u015f\u0131p \u00e7al\u0131\u015fmad\u0131klar\u0131, karde\u015f say\u0131lar\u0131, ders ba\u015far\u0131 durumu, disiplin ve adli sicil kayd\u0131 gibi hususlar dikkate al\u0131nmaktad\u0131r.\u00a0 De\u011ferlendirmede, sorulan sorulara verilen cevaplar\u0131n kan\u0131tlar\u0131 b\u00fcy\u00fck \u00f6nem arz etmektedir.<\/p>\n<p>\u00d6\u011frenim bursumuz kar\u015f\u0131l\u0131ks\u0131z olup Vak\u0131f olarak tek beklentimiz, mezun \u00f6\u011frencilerimizin gelecekteki i\u015f hayatlar\u0131nda vakf\u0131m\u0131z\u0131 destekleyerek ileride daha fazla say\u0131da \u00f6\u011frencimize ve akademisyenimize destek imk\u00e2n\u0131 bulmakt\u0131r.<\/p>\n<p>\u00d6\u011frenim bursu \u0130stanbul \u00dcniversitesi-Cerrahpa\u015fa \u00f6\u011frencilerine Vakf\u0131m\u0131z taraf\u0131ndan ilk kez 2021 y\u0131l\u0131nda verilmeye ba\u015flanm\u0131\u015ft\u0131r. Bursiyerlerimize;<\/p>\n<ul>\n<li>2021 y\u0131l\u0131nda ayl\u0131k 500 TL,<\/li>\n<li>2022 y\u0131l\u0131nda ayl\u0131k 850 TL,<\/li>\n<li>2023 y\u0131l\u0131 bahar d\u00f6neminde ayl\u0131k 1250 TL,<\/li>\n<li>2023 y\u0131l\u0131 g\u00fcz d\u00f6neminde ayl\u0131k 1500 TL,<\/li>\n<li>2024 y\u0131l\u0131 g\u00fcz d\u00f6neminde ayl\u0131k 2250 TL,<\/li>\n<li>2024-2025 e\u011fitim-\u00f6\u011fretim y\u0131l\u0131 g\u00fcz d\u00f6nemi ayl\u0131k 2500 TL,<\/li>\n<li>2024-2025 e\u011fitim-\u00f6\u011fretim y\u0131l\u0131 bahar d\u00f6nemi ayl\u0131k 3.750 TL,<\/li>\n<li>2025-2026 e\u011fitim-\u00f6\u011fretim y\u0131l\u0131 g\u00fcz d\u00f6nemi ayl\u0131k 4.000 TL,<\/li>\n<li>2026 y\u0131l\u0131 Ocak ay\u0131 itibariyle 5.000 TL olarak belirlenmi\u015ftir.<\/li>\n<\/ul>\n\n\t\t<\/div>\n\t<\/div>\n<\/div><\/div><\/div><\/div><div class=\"vc_row wpb_row vc_row-fluid themesflat_1777697132\"><div class=\"row_overlay\" style=\"\"><\/div><div class=\"wpb_column vc_column_container vc_col-sm-12\"><div class=\"vc_column-inner\"><div class=\"wpb_wrapper\"><div class=\"vc_empty_space\"   style=\"height: 32px\"><span class=\"vc_empty_space_inner\"><\/span><\/div><\/div><\/div><\/div><\/div>\n","protected":false},"excerpt":{"rendered":"\u00d6\u011eREN\u0130M BURSU Vakf\u0131m\u0131z, \u0130stanbul \u00dcniversitesi-Cerrahpa\u015fa\u2019n\u0131n (\u0130\u00dcC) ba\u015far\u0131l\u0131 ve ihtiya\u00e7 sahibi \u00f6\u011frencilerine her y\u0131l Ekim-Haziran aylar\u0131n\u0131 kapsayacak [...]","protected":false},"author":1,"featured_media":0,"parent":0,"menu_order":0,"comment_status":"closed","ping_status":"closed","template":"","meta":[],"_links":{"self":[{"href":"https:\/\/iucerrahpasavakfi.org.tr\/index.php?rest_route=\/wp\/v2\/pages\/2166"}],"collection":[{"href":"https:\/\/iucerrahpasavakfi.org.tr\/index.php?rest_route=\/wp\/v2\/pages"}],"about":[{"href":"https:\/\/iucerrahpasavakfi.org.tr\/index.php?rest_route=\/wp\/v2\/types\/page"}],"author":[{"embeddable":true,"href":"https:\/\/iucerrahpasavakfi.org.tr\/index.php?rest_route=\/wp\/v2\/users\/1"}],"replies":[{"embeddable":true,"href":"https:\/\/iucerrahpasavakfi.org.tr\/index.php?rest_route=%2Fwp%2Fv2%2Fcomments&post=2166"}],"version-history":[{"count":48,"href":"https:\/\/iucerrahpasavakfi.org.tr\/index.php?rest_route=\/wp\/v2\/pages\/2166\/revisions"}],"predecessor-version":[{"id":3798,"href":"https:\/\/iucerrahpasavakfi.org.tr\/index.php?rest_route=\/wp\/v2\/pages\/2166\/revisions\/3798"}],"wp:attachment":[{"href":"https:\/\/iucerrahpasavakfi.org.tr\/index.php?rest_route=%2Fwp%2Fv2%2Fmedia&parent=2166"}],"curies":[{"name":"wp","href":"https:\/\/api.w.org\/{rel}","templated":true}]}}

Öğrenim Bursu

<div class="vc_row wpb_row vc_row-fluid themesflat_1777697132"><div class="row_overlay" style=""></div><div class="wpb_column vc_column_container vc_col-sm-12"><div class="vc_column-inner"><div class="wpb_wrapper">
	<div class="wpb_text_column wpb_content_element " >
		<div class="wpb_wrapper">
			<p><strong>ÖĞRENİM BURSU</strong></p>
<p>Vakfımız, İstanbul Üniversitesi-Cerrahpaşa’nın (İÜC) başarılı ve ihtiyaç sahibi öğrencilerine her yıl Ekim-Haziran aylarını kapsayacak şekilde öğrenim bursu vermektedir.</p>
<p>Burs başvuruları genellikle Eylül-Ekim ayları içinde ve vakfımızın İÜC ile yaptığı protokol uyarınca üniversitenin İÜC-AKSİS Öğrenci Bilgi Sistemi üzerinden yapılmaktadır.  Başvuruların değerlendirilmesi, başvuru esnasında sorulan sorulara verilen cevapların belli bir algoritma üzerinden puanlandırılması şeklinde olmaktadır.  Bu değerlendirmede anne ve babanın evlilik/vefat durumları, çalışıp çalışmadıkları, kardeş sayıları, ders başarı durumu, disiplin ve adli sicil kaydı gibi hususlar dikkate alınmaktadır.  Değerlendirmede, sorulan sorulara verilen cevapların kanıtları büyük önem arz etmektedir.</p>
<p>Öğrenim bursumuz karşılıksız olup Vakıf olarak tek beklentimiz, mezun öğrencilerimizin gelecekteki iş hayatlarında vakfımızı destekleyerek ileride daha fazla sayıda öğrencimize ve akademisyenimize destek imkânı bulmaktır.</p>
<p>Öğrenim bursu İstanbul Üniversitesi-Cerrahpaşa öğrencilerine Vakfımız tarafından ilk kez 2021 yılında verilmeye başlanmıştır. Bursiyerlerimize;</p>
<ul>
<li>2021 yılında aylık 500 TL,</li>
<li>2022 yılında aylık 850 TL,</li>
<li>2023 yılı bahar döneminde aylık 1250 TL,</li>
<li>2023 yılı güz döneminde aylık 1500 TL,</li>
<li>2024 yılı güz döneminde aylık 2250 TL,</li>
<li>2024-2025 eğitim-öğretim yılı güz dönemi aylık 2500 TL,</li>
<li>2024-2025 eğitim-öğretim yılı bahar dönemi aylık 3.750 TL,</li>
<li>2025-2026 eğitim-öğretim yılı güz dönemi aylık 4.000 TL,</li>
<li>2026 yılı Ocak ayı itibariyle 5.000 TL olarak belirlenmiştir.</li>
</ul>

		</div>
	</div>
</div></div></div></div><div class="vc_row wpb_row vc_row-fluid themesflat_1777697132"><div class="row_overlay" style=""></div><div class="wpb_column vc_column_container vc_col-sm-12"><div class="vc_column-inner"><div class="wpb_wrapper"><div class="vc_empty_space"   style="height: 32px"><span class="vc_empty_space_inner"></span></div></div></div></div></div>

ÖĞRENİM BURSU Vakfımız, İstanbul Üniversitesi-Cerrahpaşa’nın (İÜC) başarılı ve ihtiyaç sahibi öğrencilerine her yıl Ekim-Haziran aylarını kapsayacak [...]
